 l(p) = -1009*p**3 - 22*p + 20. Calculate l(1).
-1011
Let p(n) = -3*n**2 - 335*n + 5270. Give p(14).
-8
Let u(b) = -4*b**2 + 442*b + 1764. Calculate u(116).
-788
Let v(u) = 2912*u - 55637. Give v(19).
-309
Let n(z) = -117*z - 4140. Give n(-32).
-396
Let d(q) = 4*q**2 - 872*q + 440. Determine d(216).
-1288
Let t(q) = 4*q**2 - 133*q - 136. What is t(0)?
-136
Let c(q) = -2*q**2 - 116*q - 1619. Give c(-30).
61
Let t(s) = s**3 + 6*s**2 - 4808*s - 43035. What is t(-9)?
-6
Let m(a) = 385744*a - 4243314. Calculate m(11).
-130
Let u(g) = -g**3 - 78*g**2 + 253*g + 588. Determine u(-81).
-222
Let f(r) = -5268*r + 63203. What is f(12)?
-13
Let t(s) = 666*s - 2580. Give t(5).
750
Let v(w) = -w**3 - 223*w**2 - 55*w - 12323. Give v(-223).
-58
Let z(w) = -439*w + 25539. What is z(57)?
516
Let x(y) = 281780*y - 16343195. Calculate x(58).
45
Let c(l) = 2*l**3 + 51*l**2 + 162*l - 565. Give c(-21).
2
Let t(c) = 12726*c + 50303. Determine t(-4).
-601
Let i(z) = 16772*z + 16800. What is i(-1)?
28
Let g(n) = -5628*n - 16888. What is g(-3)?
-4
Let f(a) = -59*a**2 + 1062*a + 18828. Give f(-11).
7
Let h(x) = -6*x**3 - 334*x**2 - 225*x - 102. Determine h(-55).
173
Let p(k) = -1398493*k + 1. Give p(0).
1
Let g(q) = 2*q**3 - 46*q**2 + 118*q + 92. What is g(19)?
-554
Let r(b) = -b**2 - 95*b + 3308. What is r(30)?
-442
Let q(y) = 1524*y + 48980. Calculate q(-29).
4784
Let u(r) = 930*r - 349099. Determine u(376).
581
Let w(z) = 2131*z - 82803. What is w(39)?
306
Let t(w) = 2*w**3 - 148*w**2 - 329*w - 853. Calculate t(76).
-2753
Let n(i) = -4*i**2 - 404*i + 22672. Determine n(-141).
112
Let g(j) = j**3 + 98*j**2 + 707*j + 633. Calculate g(-90).
1803
Let a(f) = -f**3 - 4*f**2 - 497*f - 4239. Calculate a(-8).
-7
Let y(s) = s**3 - 22*s**2 - 412*s + 8711. What is y(24)?
-25
Let i(y) = 5035*y - 124762. Calculate i(24).
-3922
Let w(u) = 6416*u + 83399. Calculate w(-13).
-9
Let v(p) = p**3 - 122*p**2 - 900*p - 22. Determine v(-7).
-43
Let g(r) = 4*r + 618. What is g(75)?
918
Let q(j) = -1045109*j + 4180436. What is q(4)?
0
Let a(c) = -3*c**2 + 335*c + 36357. Give a(-67).
445
Let a(m) = 5849*m - 14584. Calculate a(2).
-2886
Let b(p) = p**3 - 11*p**2 - 42*p + 298. Determine b(5).
-62
Let g(c) = 3*c**2 + 669*c - 28750. Calculate g(42).
4640
Let o(z) = -9*z**3 + 235*z**2 + 10*z - 640. Calculate o(26).
296
Let y(l) = -188*l - 47362. Give y(-252).
14
Let t(m) = -180970*m - 6333934. Calculate t(-35).
16
Let h(t) = 2*t**2 - 10967*t + 43784. Calculate h(4).
-52
Let r(m) = -3534*m**2 - 137825*m + 47. What is r(-39)?
8
Let g(z) = 105*z**2 + 475*z + 571. Calculate g(-5).
821
Let z(b) = 414222*b + 828447. What is z(-2)?
3
Let t(v) = 3*v**3 + 95*v**2 - 122*v - 8. What is t(-33)?
-338
Let d(t) = -8967*t + 18006. Determine d(2).
72
Let n(g) = g**3 - 126*g**2 + 835*g - 232. Give n(119).
6
Let h(l) = -3*l**3 - 5*l**2 - 230*l + 1300. Give h(6).
-908
Let q(j) = 68*j - 2396. What is q(13)?
-1512
Let p(f) = -f**2 + 180*f - 7944. Calculate p(103).
-13
Let i(l) = -93*l**2 + 395*l - 91. Determine i(4).
1
Let x(v) = -6*v**3 + 98*v**2 - 14*v + 46. Calculate x(16).
334
Let t(w) = w**2 - 2837*w - 11335. Calculate t(-4).
29
Let l(a) = 771*a + 78713. Give l(-97).
3926
Let v(y) = 5*y**2 - 43*y - 23. Calculate v(8).
-47
Let n(o) = o**3 - 19*o**2 - 107*o + 2105. Calculate n(21).
740
Let q(z) = z**3 + 47*z**2 + 8*z + 30. What is q(0)?
30
Let f(r) = 9*r**2 + 73*r + 352. Determine f(-4).
204
Let p(t) = 3955*t**3 - 3*t**2 + 116*t + 117. Give p(-1).
-3957
Let r(d) = -d**3 - 64*d**2 - 1298*d - 8506. Calculate r(-31).
19
Let y(q) = -4*q**3 - 8*q**2 - 13*q - 98. Determine y(-7).
973
Let a(u) = 3*u**2 - 1112*u + 72908. Calculate a(285).
-337
Let j(w) = 1040562*w + 23932923. Determine j(-23).
-3
Let d(m) = 478*m + 222715. Give d(-466).
-33
Let p(z) = z**3 - 216*z**2 - 16558*z + 127. Give p(-60).
7
Let z(f) = -6*f**3 - 1090*f**2 + 497*f + 24223. What is z(-182)?
17
Let a(c) = -461904*c + 923830. Determine a(2).
22
Let j(q) = 32012*q + 1056384. Determine j(-33).
-12
Let n(o) = 99*o - 17126. Calculate n(173).
1
Let r(j) = 13*j**2 + 566*j - 375. Calculate r(-44).
-111
Let u(w) = -151*w**2 - 92*w. What is u(1)?
-243
Let l(p) = -p**3 + 78*p**2 - 66*p + 3812. Determine l(78).
-1336
Let k(p) = 1297*p**2 - 3878*p - 2. Determine k(3).
37
Let d(x) = -113*x + 13284. Calculate d(118).
-50
Let b(f) = f**3 - 26*f**2 - 29*f + 2255. Determine b(23).
1
Let l(b) = 14*b**2 + 412*b + 1667. Determine l(-5).
-43
Let z(j) = -j**3 - 8*j**2 - 734*j - 5053. Give z(-7).
36
Let a(p) = -3*p**2 - 1441*p - 14115. Determine a(-10).
-5
Let m(a) = -2*a**3 - 168*a**2 + 459*a + 9264. Determine m(-86).
-626
Let h(j) = -5*j**2 - 2102*j + 167758. Give h(-489).
31
Let b(f) = f**2 + 5*f - 14099. What is b(-122)?
175
Let b(x) = x**3 - 1156*x**2 - 361480*x - 2038. What is b(-256)?
10
Let d(l) = l**2 + 52*l - 44698. Determine d(-239).
-5
Let i(h) = 1685*h + 53194. Determine i(-30).
2644
Let g(t) = -4162*t - 141514. Give g(-34).
-6
Let i(k) = -2*k**3 - 127*k**2 - 1588*k - 2090. Calculate i(-47).
-351
Let h(o) = -115*o**2 - 370*o - 1099. Give h(-3).
-1024
Let z(n) = 28*n**3 - 24*n**2 - 7*n - 27. Give z(5).
2838
Let c(a) = -16*a**3 + 7*a**2 + a + 13. What is c(2)?
-85
Let c(q) = -1875*q - 264448. Give c(-141).
-73
Let z(l) = -2*l**2 - 811*l + 28327. Determine z(32).
327
Let x(r) = 10742*r + 107549. Calculate x(-10).
129
Let d(b) = -9*b**2 - 87*b + 1262. Give d(10).
-508
Let a(i) = 2*i**3 - 165*i**2 + 147*i - 4119. Determine a(82).
1211
Let y(a) = -468*a - 34161. Calculate y(-72).
-465
Let u(d) = 286870*d - 573735. Determine u(2).
5
Let z(t) = -8*t**2 - 1882*t + 5383. What is z(-238)?
147
Let s(w) = -w**3 + 243*w**2 - 1429*w + 31. Calculate s(6).
-11
Let f(m) = -m**3 - 52*m**2 + 191*m + 4742. Calculate f(-54).
260
Let t(d) = -10*d**3 + 5215*d**2 - 2590*d - 7810. What is t(521)?
5
Let j(c) = 2*c**3 + 228*c**2 + 216*c - 425. Calculate j(-113).
705
Let i(k) = k**3 + 47*k**2 + 293*k + 13767. Give i(-47).
-4
Let a(y) = -468*y**3 - 7476*y**2 + 190*y - 29. Calculate a(-16).
3
Let t(r) = -2099*r**2 - 125936*r + 224. Give t(-60).
-16
Let s(y) = 2*y**3 - 135*y**2 - 349*y - 45. Calculate s(70).
25
Let n(d) = -615*d - 18314. Give n(-29).
-479
Let j(r) = 511*r + 176906. Determine j(-346).
100
Let u(m) = -m**2 + 43*m - 403. Give u(13).
-13
Let m(x) = -11562*x + 659036. Calculate m(57).
2
Let a(j) = -39500*j + 78970. Give a(2).
-30
Let k(z) = -z**3 + 121*z**2 + 4896*z - 42. Determine k(-32).
-42
Let h(x) = -x**3 + 643*x**2 - 39608*x + 1140. Give h(574).
-8
Let k(y) = -5*y**2 - 2830*y - 5604. Calculate k(-2).
36
Let r(f) = -7*f**2 + 2719*f - 34599. Give r(13).
-435
Let f(h) = -h**2 - 62*h + 5945. Calculate f(-105).
1430
Let f(c) = c**2 + 945*c + 113394. What is f(-141)?
30
Let h(i) = 12*i**2 - 4932*i - 10035. Give h(413).
-123
Let s(w) = 719*w**2 - 204911*w - 1136. What is s(285)?
4
Let g(i) = -62*i**2 - 2228*i - 2226. Calculate g(-1).
-60
Let h(a) = -158*a**2 + 7898*a + 120. Give h(50).
20
Let l(k) = k**3 - 5*k**2 - 503*k + 42. Calculate l(-20).
102
Let x(a) = -22*a - 1435. Give x(14).
-1743
Let v(k) = -1066*k**2 - 7424*k + 110. Give v(-7).
-156
Let l(h) = h**3 - 2491*h**2 - 47777*h - 1652. Calculate l(-19).
1
Let l(j) = -j**3 + 14*j**2 - 532*j + 4369. Calculate l(9).
-14
Let v(h) = 799*h - 6841. Calculate v(6).
-2047
Let c(z) = 14*z**2 + 1800*z + 10787. Calculate c(-6).
491
Let f(k) = 1616*k + 4825. Give f(-3).
-23
Let g(x) = -x**3 + 5*x**2 - 50*x - 318. Give g(-11).
2168
Let d(r) = -r**2 + 122*r + 20642. What is d(217)?
27
Let b(c) = -4*c**2 + 262*c - 4317. Give b(31).
-39
Let h(g) = -78089*g + 625079. Give h(8).
367
Let h(y) = y**3 + 8*y**2 - 28*y + 426. Determine h(0).
426
Let f(q) = -45*q**3 + 1088*q**2 - 194*q + 20. What is f(24)?
-28
Let w(z) = 21186*z + 21219. Calculate w(-1).
33
Let f(q) = 7074*q + 7065. What is f(-1)?
-9
Let d(s) = 7*s**2 - 7*s + 98. Give d(0).
98
Let i(z) = 24565*z + 45543504. Determine i(-1854).
-6
Let n(c) = 3*c**2 + 781*c + 34782. Give n(-57).
12
Let m(j) = -505*j + 20425. Give m(41).
-280
Let n(u) = -1560*u**2 - 579. Determine n(0).
-579
Let s(v) = 48*v**3 - 576*v**2 + 195*v - 2332. What is s(12)?
8
Let g(o) = 110*o - 5354. Give g(-1).
-5464
Let o(v) = -56*v + 8877. Determine o(157).
85
Let u(k) = k**3 + 7235*k**2 - 57956*k + 14. Calculate u(8).
-82
Le